h + 14001. Give k(-17).
27
Let b(a) = -4826*a + 25841. Calculate b(4).
6537
Let n(i) = -59*i**3 - 9*i**2 - 67*i - 59. Determine n(-4).
3841
Let o(q) = 3*q**2 + 468*q + 5622. Calculate o(-12).
438
Let w(k) = -680*k**2 + 4925*k + 4924. Give w(-1).
-681
Let i(h) = -8506*h - 1207882. Give i(-142).
-30
Let w(a) = 59*a**2 - 4647*a - 5899. What is w(80)?
-59
Let d(f) = -3*f**3 - 328*f**2 - 162*f - 5781. What is d(-109)?
-4
Let i(c) = c**3 + 19*c**2 + 118*c + 95. Determine i(-7).
-143
Let a(d) = -13*d**2 + 358*d - 637. Give a(19).
1472
Let q(i) = -4783*i - 19169. Determine q(-4).
-37
Let z(d) = d**2 - 36*d - 910. Give z(36).
-910
Let k(l) = 9*l**2 - 2313*l - 9308. What is k(-4)?
88
Let s(g) = g**2 + 14256*g + 540255. Give s(-38).
-29
Let b(v) = -v**3 - 7*v**2 + 7733*v + 54033. Give b(-7).
-98
Let z(c) = c**3 + 12*c**2 - 564*c + 6249. Give z(-34).
-7
Let n(j) = -103*j**2 + 6910*j - 688. Calculate n(67).
-85
Let l(x) = -x**3 - 8*x**2 + 14*x + 33. Calculate l(7).
-604
Let z(h) = 2*h**2 - 228*h - 25721. Calculate z(184).
39
Let n(x) = 759891*x - 8358837. What is n(11)?
-36
Let x(i) = -3*i**3 - 8*i**2 + 61*i + 138. Calculate x(0).
138
Let c(g) = -14*g**2 - 235*g - 18. Calculate c(-23).
-2019
Let n(v) = -v**3 - 14*v**2 + 189*v + 2509. Calculate n(-13).
-117
Let l(s) = 102*s**2 - 455*s. Determine l(6).
942
Let s(n) = -12*n**2 - 2338*n + 7132. Calculate s(3).
10
Let o(u) = 9*u**3 - 729*u**2 + 13943*u + 203. Determine o(31).
-14
Let f(l) = -217*l - 2434. Determine f(-11).
-47
Let y(i) = 3*i**3 + 5597*i**2 - 2395*i - 987109. Give y(-1866).
5
Let w(s) = 5919*s - 284123. What is w(48)?
-11
Let v(k) = -k**3 - 18*k**2 - 103*k + 72. Calculate v(-8).
256
Let p(v) = 15*v - 88. Calculate p(16).
152
Let w(r) = 465980*r + 931954. Give w(-2).
-6
Let m(t) = -4*t + 8. Calculate m(42).
-160
Let l(p) = p**2 - 5999*p - 78150. Give l(-13).
6
Let v(m) = -340*m + 544. What is v(-1)?
884
Let t(c) = 13*c**3 + 26*c - 143. Calculate t(0).
-143
Let w(x) = 2*x**3 - 306*x**2 - 653*x + 6468. Give w(155).
1353
Let m(r) = 3*r**2 + 2*r - 39082. Determine m(115).
823
Let b(n) = 1503*n**2 - 7407*n - 534. Calculate b(5).
6
Let o(t) = 4*t**2 + 320*t - 30443. What is o(56)?
21
Let o(w) = 33799*w + 135198. Give o(-4).
2
Let b(p) = -27*p**2 - 305*p - 1259. What is b(-4)?
-471
Let a(p) = 111*p**2 + 258*p + 16. Calculate a(-4).
760
Let c(j) = 34*j**3 + 270*j**2 - 41*j - 162. Calculate c(-8).
38
Let w(s) = -124820*s - 748906. What is w(-6)?
14
Let u(d) = -632*d**2 - 2653*d - 78. Calculate u(-4).
422
Let i(b) = b**3 - 290*b**2 - 453*b - 38248. Calculate i(292).
4
Let t(j) = -j**2 - 848*j + 5227. Determine t(0).
5227
Let d(x) = 3*x**3 + 672*x**2 - 662*x + 2926. Determine d(-225).
1
Let d(y) = 6596*y**2 - 7*y - 2. Give d(0).
-2
Let g(l) = -6*l + 413. Give g(-13).
491
Let i(y) = -1063*y - 6334. Calculate i(-6).
44
Let w(t) = 2*t**3 - 23*t**2 + 197*t - 778. What is w(6)?
8
Let r(p) = -3*p**2 - 3280*p - 16396. Give r(-5).
-71
Let v(p) = 4*p**3 + 7*p**2 - 8443*p - 16935. Determine v(-2).
-53
Let x(m) = -29*m**3 + 1172*m**2 + 662*m + 1453. Give x(41).
18
Let n(p) = -310*p + 55823. Determine n(180).
23
Let c(b) = 10704*b - 417439. Give c(39).
17
Let m(a) = 2*a**3 - 289*a**2 + 1526*a + 217. What is m(139)?
-200
Let p(c) = 7*c**2 + 883*c + 18237. Determine p(-26).
11
Let u(o) = -5*o**2 + 1806*o + 73209. Determine u(398).
-23
Let s(o) = -53*o**2 + 649*o + 1203. What is s(-2)?
-307
Let i(k) = 3833*k - 15068. Determine i(4).
264
Let p(y) = -2*y**3 - 948*y**2 - 963*y - 8103. Give p(-473).
-62
Let u(q) = -2*q**3 + 40*q**2 + 53*q - 380. Determine u(20).
680
Let x(n) = n**3 - 101*n**2 + 2095*n - 192. Determine x(29).
11
Let q(u) = 236*u - 10103. Determine q(38).
-1135
Let r(f) = -936*f - 55285. What is r(-59)?
-61
Let p(x) = x**3 - 247*x**2 + 685*x + 11399. Give p(244).
-69
Let m(x) = -36*x - 715. What is m(-22)?
77
Let v(o) = -90631*o + 27551825. Calculate v(304).
1
Let g(c) = 159*c + 1897. Determine g(-24).
-1919
Let k(x) = -603*x - 13599. Determine k(-23).
270
Let k(q) = 1233*q + 3611. Give k(-3).
-88
Let w(s) = s**3 + 142*s**2 + 2429*s - 76. Give w(-20).
144
Let a(h) = h**2 - 6401*h + 852046. Give a(136).
6
Let h(r) = 1596*r - 108551. Give h(68).
-23
Let b(j) = -770*j - 16216. Determine b(-21).
-46
Let a(r) = -r**3 - 6544*r**2 - 39254*r - 146. Give a(-6).
10
Let c(q) = 6*q**2 + 23*q - 41. Give c(7).
414
Let b(r) = 2*r**3 + 449*r**2 + 2431*r + 4679. What is b(-219)?
-139
Let f(l) = -2605*l - 419412. Give f(-161).
-7
Let o(x) = 26*x**2 - 227*x + 1329. Calculate o(6).
903
Let f(o) = -o**3 - 46*o**2 + 592*o + 20. Determine f(10).
340
Let f(j) = -3605*j - 335285. Give f(-93).
-20
Let z(n) = -6*n**3 - 80*n**2 - 8*n + 20. Calculate z(-13).
-214
Let v(j) = -2*j**2 + 317*j + 19807. Give v(-48).
-17
Let o(l) = 4080*l - 375369. Give o(92).
-9
Let z(x) = 202*x**3 - 1203*x**2 - 55*x + 1. What is z(6)?
-5
Let l(x) = 572*x**3 - 7*x**2 - 16*x + 16. Give l(1).
565
Let d(t) = -t**3 - 452*t**2 - 8*t - 3608. Determine d(-452).
8
Let k(d) = -2528*d**2 - 137*d - 139. Give k(-1).
-2530
Let k(a) = 6*a**2 + 671*a - 5069. Calculate k(-119).
48
Let i(n) = 1013*n + 596677. Give i(-590).
-993
Let t(b) = -4*b**2 + 1739*b - 17026. What is t(10)?
-36
Let j(t) = t**3 - 24*t**2 - 1007*t - 232. What is j(46)?
-2
Let t(y) = y**3 - 240*y**2 + 6670*y - 430. What is t(32)?
18
Let g(f) = -147*f**2 - 10575*f + 21158. Give g(2).
-580
Let f(d) = -864*d - 27512. Calculate f(-32).
136
Let c(x) = -x**3 + 69*x**2 + 111*x + 7243. Give c(72).
-317
Let y(h) = 11834*h - 189435. Calculate y(16).
-91
Let y(w) = 68*w + 2692. What is y(17)?
3848
Let t(u) = -149*u**2 - 60796*u - 1642. Determine t(-408).
-10
Let h(x) = 34*x**3 + 32710*x**2 + 1858*x - 63495. Calculate h(-962).
-3
Let t(o) = 4590*o + 541617. Give t(-118).
-3
Let s(n) = 4426987*n + 30988920. Determine s(-7).
11
Let v(c) = 4*c**2 + 10221*c + 6511149. What is v(-1345)?
4
Let k(m) = -112844*m + 790023. Give k(7).
115
Let s(d) = -16*d**3 + 216*d**2 + 51*d + 824. Calculate s(14).
-30
Let b(f) = -f**2 + 39595. Determine b(-199).
-6
Let s(n) = n**2 - 1605*n + 15992. What is s(10)?
42
Let v(i) = 8983*i - 81771. What is v(9)?
-924
Let w(m) = 142*m - 7015. Calculate w(28).
-3039
Let d(k) = 75*k**2 + 199*k + 529. Determine d(-3).
607
Let h(u) = 10831*u - 942470. Determine h(87).
-173
Let d(q) = 7871*q - 7671. Calculate d(1).
200
Let r(w) = w**3 + 17*w**2 - 438*w - 62. Give r(-31).
62
Let m(t) = -4*t**3 - 74*t**2 + 327*t + 6540. Give m(-18).
6
Let k(j) = -3*j**3 - 815*j**2 - 567*j - 6767. Give k(-271).
8
Let r(g) = -g**3 + 101*g**2 - 1296*g + 581. Determine r(86).
65
Let x(i) = 2*i**3 + 29*i**2 + 4*i - 127. Calculate x(-14).
13
Let g(c) = 103311*c + 413215. Calculate g(-4).
-29
Let u(l) = 20*l**2 - 12292*l - 4916. Give u(615).
4
Let h(t) = -7631*t - 358532. Determine h(-47).
125
Let h(c) = -9*c**2 + 791*c - 1542. Calculate h(86).
-80
Let f(t) = t**2 + 1722*t - 56114. Give f(32).
14
Let f(a) = -a**2 + 5626299*a - 16878890. What is f(3)?
-2
Let g(l) = -3*l**2 + 424*l + 3393. Determine g(149).
-34
Let r(x) = 323*x**2 + 3524*x + 3524. What is r(-1)?
323
Let z(b) = 8555*b + 25499. Determine z(-3).
-166
Let c(w) = w**3 - 62*w**2 + 546*w - 8. Determine c(51).
-773
Let p(i) = -1953*i**2 - 11717*i - 6. Calculate p(-6).
-12
Let m(o) = 91*o - 53. Calculate m(-13).
-1236
Let g(d) = 21510*d - 193594. What is g(9)?
-4
Let x(r) = r**3 + 6*r**2 - 85*r - 433. What is x(-18)?
-2791
Let r(a) = -2*a**2 + 112*a - 1168. Calculate r(14).
8
Let t(s) = s**3 - 21*s**2 + 103*s - 1619. What is t(21)?
544
Let z(d) = 65206*d + 130399. Give z(-2).
-13
Let d(l) = -2*l**2 + 683*l - 16401. Calculate d(26).
5
Let k(x) = -x**2 - 70*x + 179745. What is k(-462)?
-1359
Let s(m) = 463*m + 15198. What is s(-33)?
-81
Let f(i) = i**3 + 455*i**2 - 1107*i - 296847. What is f(-456)?
9
Let g(o) = 5040*o - 90683. Give g(18).
37
Let b(a) = -26*a**2 - 73*a + 116. Calculate b(2).
-134
Let m(n) = 12006*n - 119859. Give m(10).
201
Let v(q) = 4*q**2 + 2338*q - 1176. What is v(-585)?
-6
Let z(r) = r**3 + 37*r**2 - 117*r + 205. Determine z(-40).
85
Let l(n) = -n**2 - 117*n - 3937. Give l(-82).
-1067
Let p(d) = -2*d**3 - 115*d**2 - 887*d - 47294. Give p(-57).
16
Let q(i) = i**3 - 53*i**2 - 3994*i - 150. What is q(-42)?
18
Let t(s) = s**3 + 124*s**2 + 3051*s - 827. Give